2*l + 4. Suppose 5*t + 19 = a, -15 = a + 5*t - 4. Calculate s(a).
-4
Let a(s) = -4 + s**2 + 5*s - 2 - 2*s. Let b be a(-5). Let k(z) = 3*z**2 + 3*z - z**3 + 2 - b*z - 7*z**2. What is k(-3)?
-4
Let f(m) = -m**2 - 16*m - 42. Let b be f(-13). Let v(x) = -3*x**2 - x + 3. Determine v(b).
-21
Suppose -2*q = -2*j - 14, 2*j = -q + 3 - 11. Let w(o) = -o - 4 + 2*o + q*o**2 + 1 + 2. Determine w(1).
2
Let u(g) = -g - 7. Suppose -2*p = 16 + 2. Let c = 3 + p. Determine u(c).
-1
Let g(h) = h + 4. Let r be g(-1). Let q(n) = 2*n**2 - 2*n - 3. What is q(r)?
9
Let j(m) be the second derivative of m**6/360 - m**5/40 + 7*m**4/12 - 7*m. Let n(x) be the third derivative of j(x). What is n(4)?
5
Suppose -6*k = -72 + 24. Let z(m) = m - 12. Give z(k).
-4
Let k(b) = 3*b**3 + 8 - 10 + b - b**2 - 2*b**3. Let c be (-1)/2*(-5 + 1). Calculate k(c).
4
Let d = -5 + 4. Let i be ((-1)/(-2))/(d/(-2)). Let u(l) = 4*l**3 + 0*l - 2*l**2 + 0*l + 1. What is u(i)?
3
Let w = 0 + 2. Let z(y) = w - 2 + 3 - 4 + y. What is z(-5)?
-6
Let w(o) be the second derivative of -o**5/20 - 2*o**4/3 - o**3 - o**2/2 + 3*o. Give w(-7).
-8
Let s(o) = 2*o**2. Let a be s(-1). Suppose -2*h - 4 = -4*r, a*r - 3*r = 4*h - 1. Let q(u) = 0*u - 6*u**2 - 1 + h*u. Calculate q(-1).
-7
Let k(p) = 0*p + 4*p + 407*p**2 - 408*p**2 - 1 + p. Let o be (-6)/(6/4*-1). Calculate k(o).
3
Let c(x) = x + 3. Let y be c(0). Let u(i) be the first derivative of -3 - 1/2*i**2 + 0*i. Calculate u(y).
-3
Let f(w) = -11*w**3 - w**2 + 2*w - 1. Let k be 0 - (0/(-2) - 1). Give f(k).
-11
Let f(q) be the third derivative of q**5/60 + q**4/4 + q**3/3 - 33*q**2. Let k be (-1*6)/1 - -1. Give f(k).
-3
Let w(l) be the second derivative of 1/2*l**3 + 1/20*l**5 + 3*l + l**2 + 1/3*l**4 + 0. Give w(-3).
2
Let x(k) = -5*k + 0 - 3 + 3*k**2 - 2*k**2. Let t(u) = -u**3 + 6*u**2 + 2*u - 8. Let a be t(6). Calculate x(a).
-7
Let x = 0 + -4. Let t be -2 + 4*(-3)/x. Let w(b) be the third derivative of -b**5/60 - b**3/6 - 2*b**2. What is w(t)?
-2
Let h(z) = -3*z + 36. Let b be h(10). Let r(m) = 2*m**2 - 8*m - 6. Give r(b).
18
Let u(j) = -j**2 - j**3 + j + 7 - 6*j**2 - 4*j - 2*j. Give u(-6).
1
Let i(r) = -r**2 - 7*r - 5. Let d be i(-5). Let z(w) = 6 + 3 + 6*w - 6 - d*w. Calculate z(-4).
-1
Let b(g) = -g - 7. Let v be (-22)/3 - 4/(-12). Give b(v).
0
Let m(o) = o + 5. Suppose -4*z = 69 - 53. Give m(z).
1
Let x = 6 + -1. Let z(b) = 234 - 2*b**3 + b**3 - 236 + 4*b**2 + 5*b. What is z(x)?
-2
Let n be -1*(-3 - -2)*0. Let r(i) be the second derivative of 5*i**3/6 - 9*i**2/2 - 8*i. Let h(x) = 9*x - 17. Let z(y) = 6*h(y) - 11*r(y). Give z(n).
-3
Let i(g) be the second derivative of g**3/2 + 2*g**2 + 2*g. Determine i(-4).
-8
Let v(h) be the first derivative of -1/2*h**4 - 5/6*h**3 + h - 1 - 5/2*h**2 - 1/20*h**5. Let g(f) be the first derivative of v(f). Calculate g(-5).
-5
Let x(q) = -42 + 0*q + 39 - 3*q. What is x(-2)?
3
Let n(x) = -3*x + 11. Let f(o) = 13*o - 44. Let u(s) = s - 1. Let t be u(-1). Let m(a) = t*f(a) - 9*n(a). Calculate m(5).
-6
Let w(a) = -3*a. Let u(d) = -10*d - 1. Suppose -z - 1 + 5 = 0. Suppose -3 = z*o + 5. Let q(s) = o*u(s) + 7*w(s). Give q(5).
-3
Let r be 10/(-84) - 2/(-7). Let u(z) be the second derivative of 0 - z + 0*z**2 - r*z**3. Determine u(-2).
2
Let l(s) = s - 1. Let f(j) = -7*j + 8. Suppose 0 = 2*k + 3*k + 2*z + 13, 5*z = 2*k + 11. Let b(n) = k*f(n) - 24*l(n). Determine b(-1).
3
Let g(q) = 1 - 2 + 3 + q. Let l be g(-7). Let x(f) = -f**2 + 8*f + 7. Let o(i) = -6*i**2 + 41*i + 36. Let s(j) = 2*o(j) - 11*x(j). Determine s(l).
0
Let r be (10/6)/(3/18). Let q(h) = 0*h**3 - 1 + h + r*h**3 - 3*h - h**2 - h**3. Determine q(-1).
-9
Let g(s) = 5*s**3 + s**2 - 1. Suppose 0 = -3*j + 3*x - 15 - 6, 0 = -4*j - 2*x - 10. Let u(r) = -2*r - 11. Let n be u(-8). Let a = n + j. What is g(a)?
5
Suppose 4*n = -n. Let w(f) = -7 + n - 2*f + f**3 + 4. Give w(-2).
-7
Let a(f) = -5*f + 7. Let l(c) = -1. Let v(p) = a(p) + 4*l(p). Calculate v(2).
-7
Let o(p) = p - 7. Let s(v) = 3*v - 5. Let k be s(4). Determine o(k).
0
Let x(j) = 3*j**2 - 17*j - 12. Let z(v) = 4*v**2 - 25*v - 18. Let b be -82*(3/6 + -1). Suppose -5*p = 16 - b. Let a(s) = p*z(s) - 7*x(s). Determine a(-4).
2
Let r be 5/1 - (-4)/(-2). Let o(q) = -4*q + r + q + q. What is o(3)?
-3
Suppose -3*f - b = 5, -b + 3*b - 17 = 3*f. Let y(h) = -h**3 - 4*h**2 - 3*h. Calculate y(f).
0
Let c(k) = -5*k + 23. Let f(i) = -i + 1. Let x(w) = c(w) - 6*f(w). Let d be x(-13). Let p(a) = -a**3 + 3*a**2 + 5*a. Calculate p(d).
4
Let f be 3/(-1*15/(-10)). Let b(h) be the second derivative of 1/12*h**4 + 0*h**3 - h - 1/2*h**f + 0. Give b(-2).
3
Let k be 2*(-5 + (6 - 3)). Let y(a) = -5*a**3 + 7*a - 4. Let b(j) = j**3 + j**2. Let f(w) = k*b(w) - y(w). Determine f(5).
-6
Let t(k) be the first derivative of k**4/24 - 2*k**3/3 + 3*k**2/2 + 1. Let j(a) be the second derivative of t(a). Determine j(-3).
-7
Let j(s) = -4*s - 4*s - 2*s + 9*s - 15. What is j(-13)?
-2
Let j(x) = -x - 3. Let d be j(-5). Let n(o) = -9*o + 3. Give n(d).
-15
Let i(h) = -h**2 + 4*h + 5. Suppose 10 = 5*q - 4*z, 5*z - 19 = 2*q - q. Determine i(q).
-7
Suppose -6*u = -u - 20. Suppose 2*y = 4 + u. Let k(w) = w. Calculate k(y).
4
Let p = -1 - -5. Let j(i) be the first derivative of -1 + 1/4*i**4 - i**3 - 5/2*i**2 - i. Give j(p).
-5
Let z(k) = -k**3 - k**2 + 2*k - 1. Suppose -2*l + 15 - 19 = 0. Determine z(l).
-1
Let v = -10 - -4. Let h(w) = w**2 - 5*w + 4. Let z = 9 - 2. Let j(d) = d**2 - 5*d + 5. Let b(k) = v*j(k) + z*h(k). Determine b(5).
-2
Let l(z) = z**3 + 7*z**2 + 9. Let w be (-6)/(-45) - (-321)/(-45). Give l(w).
9
Suppose 7 = 3*b - 2. Let u = b + -1. Suppose 6 = -u*v + v. Let o(z) = -z**3 - 7*z**2 - 7*z - 8. Give o(v).
-2
Suppose 0 = 5*h - 5*w + 5, -3*h + 2*h + 3 = 3*w. Suppose h*f - 12 = -4*f. Let c(t) = -t**f - t + 5*t**2 + t + 2 - 2*t. Give c(5).
-8
Let a(m) = 4*m. Suppose -2*p = -3*h + 3, -2*h + 3 = 5*p - 18. Suppose -h*k = -b - b, 0 = 4*b - 12. Calculate a(k).
8
Let u be 0 - 3 - (0 - 6). Let m(w) = u + 0*w - 3 - 1 - w - 8*w**2. Let y be (-3)/(-6) - 6/4. Give m(y).
-8
Let m(j) = -j**3 + 6*j**2 + j - 6. Let f(v) = 4*v**3 - 18*v**2 - 3*v + 19. Let a(l) = 2*f(l) + 7*m(l). Let t(x) = 1. Let h(o) = a(o) + 5*t(o). Determine h(-6).
-5
Let z(g) = g**3 - 7*g**2 + 7*g. Let v be z(6). Let h(f) = f**3 - 6*f**2 - 3*f + 3. Calculate h(v).
-15
Let h(s) be the first derivative of -s**4/4 - 2*s**3 - 3*s**2/2 + 5*s - 18. Determine h(-5).
-5
Let h = -40 - -44. Let v(p) = p**2 - 6*p + 3. Determine v(h).
-5
Let g(p) = -4 + 0*p**2 + 7*p - 9*p + p**2. Give g(5).
11
Let d(y) = -15*y - 25. Let s(h) = -5*h + h - 13 - 4*h. Let x(t) = -6*d(t) + 11*s(t). What is x(-5)?
-3
Let r(q) = q**3 + 4*q**2 - 5*q - 6. Let l(m) = m**3 + 5*m**2 + 2*m + 5. Let x be (2/(-6))/(2/30). Let i be l(x). Determine r(i).
-6
Let f(c) = 13*c**3 + 15*c**2 - 15*c - 15. Let v(q) = 3*q**3 + 4*q**2 - 4*q - 4. Let i(g) = -2*f(g) + 9*v(g). Give i(-7).
-13
Let n(w) = -w**2 + 2*w. Let u = 2 - -1. Let c be (u - -3)*(-4)/(-6). What is n(c)?
-8
Suppose 5*l + 5*u = 25, -2*l - 3 = -5*u - 20. Let t(n) = -n**3 + 6*n**2 - n - 1. Calculate t(l).
-7
Let o(q) be the third derivative of 0*q**4 + 0*q**3 - 1/120*q**6 + 0*q - q**2 + 0 + 1/30*q**5. Let j be (1 + 8)*2/6. Calculate o(j).
-9
Let n(h) = -h - 1. Let x be -5 + 0 + 1 - 1. Let m(v) = -v**2 + 3*v - 12. Let k be (-24)/(-16)*4/6. Let d(u) = k*m(u) + x*n(u). Give d(5).
8
Let g(s) be the third derivative of -1/6*s**3 + 0*s + 0 - 1/12*s**4 - 3*s**2. Calculate g(-5).
9
Let u(n) = -5*n**2 + 3*n**2 + n + n**2 + 2*n**2. Suppose 0*s - 3*s = 0. Determine u(s).
0
Let h be (10/(-3))/((-14)/(-21)). Let f(m) = m**2 + 4*m + 5. Give f(h).
10
Let w(g) = 14*g**2 + 1. Let f(u) = 29*u**2 + 2. Let b(x) = -4*f(x) + 9*w(x). Suppose 2*c + 3*c - 2*l = -3, -2*l + 9 = c. Determine b(c).
11
Let v(o) = o**3 + o**2 - o + 10. Suppose -5*k - 15 = 5*h, -3*k - h - 9 = -4*h. Let t(c) = c**3 + 3*c**2 - c - 3. Let r be t(k). Calculate v(r).
10
Let h be -2*(-2)/(-4)*1. Let v(u) be the first derivative of -1/2*u**2 - u + 1. Give v(h).
0
Let i(k) = 6*k**3 + 5*k**2. Let v(g) = -7*g**3 - 6*g**2 + 1. Let m(d) = -6*i(d) - 5*v(d). Calculate m(0).
-5
Let t(k) be the third derivative of -k**6/120 + 3*k**5/20 - k**4/3 - k**3/3 - 2*k**2. Let j be t(8). Let o(v) = -v**3 - 3*v**2 - 3*v - 2. Give o(j).
0
Let v(c) = -1 + 1 + c + 